e
Is 18455 a composite number?
True
Is 304373 prime?
True
Is 112235 composite?
True
Is 479 prime?
True
Is 18671 a composite number?
False
Is 400373 composite?
True
Is 2429 a prime number?
False
Is 10513 a prime number?
True
Is 59389 a composite number?
True
Is 846913 a prime number?
True
Is 25391 prime?
True
Is 2411 prime?
True
Is 9391 a prime number?
True
Is 109931 a composite number?
True
Is 4791 a composite number?
True
Is 394453 a composite number?
False
Is 6421 a prime number?
True
Is 8203 prime?
False
Is 35193 prime?
False
Is 507779 a prime number?
True
Is 3233831 a prime number?
False
Is 38819 a composite number?
True
Is 38173 a composite number?
True
Is 348689 composite?
True
Is 87977 a prime number?
True
Is 3697 prime?
True
Is 355 a composite number?
True
Is 21209 prime?
False
Is 13291 composite?
False
Is 9651 composite?
True
Is 57881 a composite number?
False
Is 238747 prime?
True
Is 321289 a composite number?
False
Is 10541 prime?
False
Is 23501 a composite number?
True
Is 220511 a composite number?
False
Is 5000423 prime?
True
Is 25273 composite?
True
Is 558629 composite?
False
Is 38543 prime?
True
Is 139463 prime?
False
Is 908197 a prime number?
True
Is 165619 composite?
True
Is 20771 prime?
True
Is 19301 a composite number?
False
Is 187121 a prime number?
False
Is 136567 composite?
True
Is 108107 a composite number?
False
Is 81091 a composite number?
True
Is 194309 composite?
False
Is 57587 a prime number?
True
Is 516349 a prime number?
True
Is 8473 composite?
True
Is 804769 a composite number?
True
Is 136507 a prime number?
False
Is 1899451 composite?
True
Is 31039 composite?
False
Is 2183249 a composite number?
False
Is 3659 a prime number?
True
Is 29345 composite?
True
Is 719 composite?
False
Is 33149 prime?
True
Is 7279 a composite number?
True
Is 36653 a composite number?
False
Is 24733 composite?
False
Is 2554 a prime number?
False
Is 149 composite?
False
Is 675859 prime?
True
Is 50305 a prime number?
False
Is 28961 a prime number?
True
Is 379 a prime number?
True
Is 19835 a composite number?
True
Is 73939 composite?
False
Is 1297 prime?
True
Is 1382019 prime?
False
Is 369273 prime?
False
Is 91423 prime?
True
Is 31778 a prime number?
False
Is 41681 prime?
True
Is 19579 prime?
False
Is 3314 a composite number?
True
Is 121921 composite?
False
Is 268883 composite?
False
Is 23159 prime?
True
Is 88149 prime?
False
Is 3341 a prime number?
False
Is 111157 a prime number?
False
Is 817543 composite?
True
Is 2551085 a prime number?
False
Is 3683 composite?
True
Is 4193 a prime number?
False
Is 57091 a prime number?
False
Is 321889 a prime number?
True
Is 25339 a prime number?
True
Is 39079 a composite number?
False
Is 8131 a composite number?
True
Is 178331 a prime number?
False
Is 307817 composite?
False
Is 94291 a prime number?
True
Is 177979 prime?
True
Is 100709 composite?
True
Is 192443 a composite number?
True
Is 2729 a prime number?
True
Is 33457 composite?
False
Is 77137 composite?
False
Is 1279583 a composite number?
False
Is 306619 composite?
True
Is 647 composite?
False
Is 2531 a prime number?
True
Is 26339 a composite number?
False
Is 11113 a composite number?
False
Is 5141 prime?
False
Is 21673 composite?
False
Is 160829 composite?
False
Is 140293 a prime number?
False
Is 1543 prime?
True
Is 3457 composite?
False
Is 101671 composite?
True
Is 153817 prime?
True
Is 498794 a composite number?
True
Is 681 composite?
True
Is 22642 a prime number?
False
Is 113989 a prime number?
True
Is 37437 composite?
True
Is 1337183 prime?
False
Is 1025641 a prime number?
True
Is 1061714 a prime number?
False
Is 45403 a composite number?
False
Is 57103 a composite number?
True
Is 33947 a prime number?
False
Is 107827 composite?
False
Is 13859 a prime number?
True
Is 227405 a composite number?
True
Is 7817 composite?
False
Is 13591 composite?
False
Is 33869 prime?
False
Is 110206 a composite number?
True
Is 19289 composite?
False
Is 3313 a prime number?
True
Is 708221 prime?
True
Is 33279 a composite number?
True
Is 522811 a prime number?
True
Is 24901 a prime number?
False
Is 98243 a prime number?
False
Is 4282 a composite number?
True
Is 4954 a composite number?
True
Is 13303 composite?
True
Is 54869 a prime number?
True
Is 1546229 composite?
False
Is 592121 composite?
False
Is 40189 a prime number?
True
Is 74966 composite?
True
Is 3898 a prime number?
False
Is 6295 composite?
True
Is 10499 a prime number?
True
Is 3109 composite?
False
Is 93011 composite?
True
Is 366547 a composite number?
False
Is 253127 a composite number?
True
Is 40151 a composite number?
False
Is 837277 composite?
True
Is 46993 a composite number?
False
Is 487889 composite?
False
Is 71342 a prime number?
False
Is 10513 prime?
True
Is 1205707 a prime number?
True
Is 533029 composite?
True
Is 202297 prime?
False
Is 201473 a prime number?
True
Is 21118 composite?
True
Is 504139 composite?
False
Is 29663 prime?
True
Is 77057 a composite number?
True
Is 842141 composite?
False
Is 165367 composite?
False
Is 84739 a composite number?
True
Is 85661 a prime number?
True
Is 5435 prime?
False
Is 39773 a prime number?
False
Is 75947 composite?
True
Is 220123 composite?
False
Is 180617 composite?
False
Is 76889 a prime number?
False
Is 98317 prime?
True
Is 1259 prime?
True
Is 125243 a prime number?
True
Is 13777 composite?
True
Is 353813 a composite number?
False
Is 30211 prime?
True
Is 9385 prime?
False
Is 103 a composite number?
False
Is 3343 composite?
False
Is 5513 a composite number?
True
Is 56651 composite?
True
Is 38139 a composite number?
True
Is 300619 prime?
False
Is 232259 a prime number?
True
Is 125155 prime?
False
Is 778721 composite?
True
Is 22433 a composite number?
False
Is 57578 prime?
False
Is 1390093 prime?
False
Is 173429 prime?
True
Is 12881 prime?
False
Is 21553 a prime number?
False
Is 22537 a composite number?
True
Is 21745 prime?
False
Is 11626 prime?
False
Is 78838 a prime number?
False
Is 91895 a prime number?
False
Is 5461 a prime number?
False
Is 28349 a composite number?
False
Is 87097 a prime number?
False
Is 22757 composite?
True
Is 224741 a composite number?
True
Is 207923 prime?
True
Is 12451 composite?
False
Is 158291 composite?
True
Is 351613 a composite number?
True
Is 4864557 prime?
False
Is 3359 composite?
False
Is 76819 prime?
True
Is 14689 prime?
False
Is 139883 prime?
True
Is 300397 a composite number?
False
Is 62981 a composite number?
False
Is 10541 composite?
True
Is 147073 prime?
True
Is 38163 composite?
True
Is 8777 a composite number?
True
Is 1971799 composite?
False
Is 9565 composite?
True
Is 27329 composite?
False
Is 35051 composite?
False
Is 3191 composite?
False
Is 24407 a prime number?
True
Is 3203 composite?
False
Is 14059 a prime number?
False
Is 55103 composite?
False
Is 76129 composite?
False
Is 2459 a composite number?
False
Is 40151 a prime number?
True
Is 387742 a prime number?
False
Is 145523 composite?
True
Is 37379 prime?
True
Is 40961 a composite number?
False
Is 182093 composite?
True
Is 2039 a prime number?
True
Is 2459 prime?
True
Is 3151 a composite number?
True
Is 8133 prime?
False
Is 2048545 prime?
False
Is 886 prime?
False
Is 13173 a composite number?
True
Is 133501 prime?
False
Is 14909 composite?
True
Is 16273 a prime number?
True
Is 1516097 prime?
False
Is 209245 composite?
True
Is 49957 prime?
True
Is 193937 composite?
False
Is 20019 prime?
False
Is 95311 a prime number?
True
Is 71039 a composite number?
False
Is 777151 composite?
False
Is 127109 a prime number?
False
Is 12793 a composite number?
True
Is 3707 composite?
True
Is 120121 composite?
False
Is 35761 prime?
False
Is 50219 prime?
False
Is 47453 a prime number?
False
Is 741847 composite?
False
Is 3722 prime?
False
Is 1050089 prime?
False
Is 2983 a composite number?
True
Is 1009 a prime number?
True
Is 3131699 a prime number?
True
Is 63741 prime?
False
Is 12197 prime?
True
Is 68569 prime?
False
Is 959 a prime number?
False
Is 9302 prime?
False
Is 26759 a composite number?
False
Is 405419 prime?
False
Is 18947 a composite number?
False
Is 140159 a composite number?
False
Is 132743 a prime number?
False
Is 48017 prime?
True
Is 27397 a composite number?
False
Is 189194 a composite number?
True
Is 53569 composite?
False
Is 22949 prime?
False
Is 10073